{"id":25725,"date":"2024-06-12T04:03:27","date_gmt":"2024-06-12T04:03:27","guid":{"rendered":"https:\/\/trazocreativos.com\/illy\/?page_id=25725"},"modified":"2025-10-14T12:42:53","modified_gmt":"2025-10-14T15:42:53","slug":"cafe-filtro","status":"publish","type":"page","link":"https:\/\/i9.intersys.uy\/~decomuy\/cafe-filtro\/","title":{"rendered":"CAF\u00c9 FILTRO"},"content":{"rendered":"<div class=\"wpb-content-wrapper\"><p>[vc_row][vc_column][vc_single_image image=&#8221;25806&#8243; img_size=&#8221;full&#8221;][\/vc_column][\/vc_row][vc_row css=&#8221;.vc_custom_1723596185020{background-position: center !important;background-repeat: no-repeat !important;background-size: cover !important;}&#8221;][vc_column css=&#8221;.vc_custom_1723600355758{padding-top: 20px !important;padding-right: 10px !important;padding-bottom: 0px !important;padding-left: 10px !important;}&#8221;][vc_custom_heading text=&#8221;Caf\u00e9 filtro&#8221; font_container=&#8221;tag:p|font_size:32|text_align:center|color:%23000000|line_height:1&#8243; google_fonts=&#8221;font_family:Raleway%3A100%2C200%2C300%2Cregular%2C500%2C600%2C700%2C800%2C900|font_style:800%20bold%20regular%3A800%3Anormal&#8221; css=&#8221;.vc_custom_1723600602604{padding-top: 0px !important;padding-right: 0px !important;padding-bottom: 0px !important;padding-left: 0px !important;}&#8221;][vc_custom_heading text=&#8221;Un caf\u00e9 para llevar,<br \/>\ndesde Europa al nuevo mundo.&#8221; font_container=&#8221;tag:p|font_size:36|text_align:center|color:%23000000|line_height:1&#8243; google_fonts=&#8221;font_family:Raleway%3A100%2C200%2C300%2Cregular%2C500%2C600%2C700%2C800%2C900|font_style:500%20bold%20regular%3A500%3Anormal&#8221; css=&#8221;.vc_custom_1723596205105{padding-top: 0px !important;padding-right: 0px !important;padding-bottom: 0px !important;padding-left: 0px !important;}&#8221;][vc_column_text css=&#8221;.vc_custom_1723597177307{padding-top: 30px !important;padding-right: 30px !important;padding-bottom: 0px !important;padding-left: 30px !important;}&#8221;]<\/p>\n<p style=\"font-size: 16px; font-weight: 200; text-align: center;\">El m\u00e9todo m\u00e1s apreciado en EEUU y en el norte de Europa: arom\u00e1tico y lleno de sabor. La percolaci\u00f3n se perfeccion\u00f3 en Alemania a principios del siglo XX. El molido del caf\u00e9 filtro estilo americano es fundamental: debe ser medio. Cuando es muy grueso el caf\u00e9 tiene un sabor d\u00e9bil, cuando es demasiado fino el sabor es amargo. Para un buen resultado en la taza el caf\u00e9 debe degustarse en las horas inmediatamente despu\u00e9s de la preparaci\u00f3n.<br \/>\nPLas m\u00e1quinas de caf\u00e9 se limpian preferiblemente cada semana para eliminar residuos aceitosos e incrustaciones minerales que puedan alterar el sabor del caf\u00e9.[\/vc_column_text][\/vc_column][\/vc_row][vc_row content_placement=&#8221;middle&#8221; css=&#8221;.vc_custom_1718165000620{padding-top: 60px !important;}&#8221;][vc_column width=&#8221;1\/2&#8243; css=&#8221;.vc_custom_1723599455475{padding-top: 0px !important;padding-right: 30px !important;padding-bottom: 30px !important;padding-left: 30px !important;}&#8221;][vc_custom_heading text=&#8221;As\u00ed se prepara&#8221; font_container=&#8221;tag:p|font_size:32|text_align:left|color:%23000000|line_height:1&#8243; google_fonts=&#8221;font_family:Raleway%3A100%2C200%2C300%2Cregular%2C500%2C600%2C700%2C800%2C900|font_style:800%20bold%20regular%3A800%3Anormal&#8221; css=&#8221;.vc_custom_1723600411677{padding-top: 0px !important;padding-right: 0px !important;padding-bottom: 0px !important;padding-left: 30px !important;}&#8221;][vc_column_text css=&#8221;.vc_custom_1724098049880{padding-top: 30px !important;padding-right: 0px !important;padding-left: 0px !important;}&#8221;]<\/p>\n<ul>\n<li style=\"text-align: left;\">Calentar la jarra durante algunos minutos, llen\u00e1ndola de agua caliente<\/li>\n<li style=\"text-align: left;\">Calcular una cucharada llena (7-8 gramos) de caf\u00e9 cada dos tazas de agua,<\/li>\n<li style=\"text-align: left;\">Cada una de 100-150 ml La dosis de caf\u00e9 se puede regular seg\u00fan el gusto de cada uno.<\/li>\n<li style=\"text-align: left;\">Poner en la m\u00e1quina la cantidad correcta de agua y extraer<br \/>\npara conservar el caf\u00e9 caliente y arom\u00e1tico, utilizar un termos<\/li>\n<li style=\"text-align: left;\">Un consejo: no conservar el caf\u00e9 en las jarras de vidrio que quedan apoyadas en la fuente de calor, ya que le dan al caf\u00e9 un desagradable sabor a quemado.<\/li>\n<\/ul>\n<p>[\/vc_column_text][\/vc_column][vc_column width=&#8221;1\/2&#8243;][vc_single_image image=&#8221;25727&#8243; img_size=&#8221;full&#8221;][\/vc_column][\/vc_row][vc_row content_placement=&#8221;middle&#8221; css=&#8221;.vc_custom_1712847875279{padding-top: 0px !important;}&#8221;][vc_column width=&#8221;1\/4&#8243; css=&#8221;.vc_custom_1724190046843{padding-top: 20px !important;padding-left: 10px !important;}&#8221;][vc_custom_heading text=&#8221;ESPRESSO&#8221; font_container=&#8221;tag:p|font_size:22|text_align:center|color:%23fb1920|line_height:1&#8243; google_fonts=&#8221;font_family:Raleway%3A100%2C200%2C300%2Cregular%2C500%2C600%2C700%2C800%2C900|font_style:800%20bold%20regular%3A800%3Anormal&#8221; css=&#8221;.vc_custom_1724190477060{padding-bottom: 0px !important;padding-left: px !important;}&#8221;][vc_single_image image=&#8221;26220&#8243; img_size=&#8221;medium&#8221; alignment=&#8221;center&#8221; onclick=&#8221;custom_link&#8221; link=&#8221;https:\/\/vanacity.com\/espresso\/&#8221;][\/vc_column][vc_column width=&#8221;1\/4&#8243; css=&#8221;.vc_custom_1718155917590{padding-top: 20px !important;padding-right: 10px !important;padding-bottom: 0px !important;padding-left: 10px !important;}&#8221;][vc_custom_heading text=&#8221;CAPPUCCINO&#8221; font_container=&#8221;tag:p|font_size:22|text_align:center|color:%23fb1920|line_height:1&#8243; google_fonts=&#8221;font_family:Raleway%3A100%2C200%2C300%2Cregular%2C500%2C600%2C700%2C800%2C900|font_style:800%20bold%20regular%3A800%3Anormal&#8221; css=&#8221;.vc_custom_1718155842866{padding-bottom: 0px !important;padding-left: px !important;}&#8221;][vc_single_image image=&#8221;25695&#8243; img_size=&#8221;medium&#8221; alignment=&#8221;center&#8221; onclick=&#8221;custom_link&#8221; link=&#8221;https:\/\/vanacity.com\/capuccino\/&#8221;][\/vc_column][vc_column width=&#8221;1\/4&#8243; css=&#8221;.vc_custom_1712851435691{padding-top: 20px !important;}&#8221;][vc_custom_heading text=&#8221;MOKA&#8221; font_container=&#8221;tag:p|font_size:22|text_align:center|color:%23fb1920|line_height:1&#8243; google_fonts=&#8221;font_family:Raleway%3A100%2C200%2C300%2Cregular%2C500%2C600%2C700%2C800%2C900|font_style:800%20bold%20regular%3A800%3Anormal&#8221; css=&#8221;.vc_custom_1718155856491{padding-bottom: 0px !important;padding-left: 0px !important;}&#8221;][vc_single_image image=&#8221;25922&#8243; img_size=&#8221;medium&#8221; alignment=&#8221;center&#8221; onclick=&#8221;custom_link&#8221; link=&#8221;https:\/\/vanacity.com\/moka\/&#8221;][\/vc_column][vc_column width=&#8221;1\/4&#8243; css=&#8221;.vc_custom_1718153434207{padding-top: 20px !important;padding-left: 10px !important;}&#8221;][vc_custom_heading text=&#8221;FRENCH PRESS&#8221; font_container=&#8221;tag:p|font_size:22|text_align:center|color:%23fb1920|line_height:1&#8243; google_fonts=&#8221;font_family:Raleway%3A100%2C200%2C300%2Cregular%2C500%2C600%2C700%2C800%2C900|font_style:800%20bold%20regular%3A800%3Anormal&#8221; css=&#8221;.vc_custom_1724189593692{padding-bottom: 0px !important;padding-left: px !important;}&#8221;][vc_single_image image=&#8221;26217&#8243; img_size=&#8221;medium&#8221; alignment=&#8221;center&#8221; onclick=&#8221;custom_link&#8221; link=&#8221;https:\/\/vanacity.com\/french\/&#8221;][\/vc_column][\/vc_row]<\/p>\n<\/div>","protected":false},"excerpt":{"rendered":"<p>[vc_row][vc_column][vc_single_image image=&#8221;25806&#8243; img_size=&#8221;full&#8221;][\/vc_column][\/vc_row][vc_row css=&#8221;.vc_custom_1723596185020{background-position: center !important;background-repeat: no-repeat !important;background-size: cover !important;}&#8221;][vc_column css=&#8221;.vc_custom_1723600355758{padding-top: 20px !important;padding-right: 10px !important;padding-bottom: 0px !important;padding-left: 10px !important;}&#8221;][vc_custom_heading text=&#8221;Caf\u00e9 filtro&#8221; font_container=&#8221;tag:p|font_size:32|text_align:center|color:%23000000|line_height:1&#8243; google_fonts=&#8221;font_family:Raleway%3A100%2C200%2C300%2Cregular%2C500%2C600%2C700%2C800%2C900|font_style:800%20bold%20regular%3A800%3Anormal&#8221; css=&#8221;.vc_custom_1723600602604{padding-top: 0px !important;padding-right: 0px !important;padding-bottom: 0px !important;padding-left: 0px !important;}&#8221;][vc_custom_heading text=&#8221;Un caf\u00e9 para llevar, desde Europa al nuevo mundo.&#8221; font_container=&#8221;tag:p|font_size:36|text_align:center|color:%23000000|line_height:1&#8243; google_fonts=&#8221;font_family:Raleway%3A100%2C200%2C300%2Cregular%2C500%2C600%2C700%2C800%2C900|font_style:500%20bold%20regular%3A500%3Anormal&#8221; css=&#8221;.vc_custom_1723596205105{padding-top: 0px !important;padding-right: 0px !important;padding-bottom: 0px !important;padding-left: 0px !important;}&#8221;][vc_column_text css=&#8221;.vc_custom_1723597177307{padding-top: 30px !important;padding-right: [&hellip;]<\/p>\n","protected":false},"author":1,"featured_media":0,"parent":0,"menu_order":0,"comment_status":"closed","ping_status":"closed","template":"","meta":{"_joinchat":[],"footnotes":""},"class_list":["post-25725","page","type-page","status-publish","hentry"],"_links":{"self":[{"href":"https:\/\/i9.intersys.uy\/~decomuy\/wp-json\/wp\/v2\/pages\/25725","targetHints":{"allow":["GET"]}}],"collection":[{"href":"https:\/\/i9.intersys.uy\/~decomuy\/wp-json\/wp\/v2\/pages"}],"about":[{"href":"https:\/\/i9.intersys.uy\/~decomuy\/wp-json\/wp\/v2\/types\/page"}],"author":[{"embeddable":true,"href":"https:\/\/i9.intersys.uy\/~decomuy\/wp-json\/wp\/v2\/users\/1"}],"replies":[{"embeddable":true,"href":"https:\/\/i9.intersys.uy\/~decomuy\/wp-json\/wp\/v2\/comments?post=25725"}],"version-history":[{"count":26,"href":"https:\/\/i9.intersys.uy\/~decomuy\/wp-json\/wp\/v2\/pages\/25725\/revisions"}],"predecessor-version":[{"id":26778,"href":"https:\/\/i9.intersys.uy\/~decomuy\/wp-json\/wp\/v2\/pages\/25725\/revisions\/26778"}],"wp:attachment":[{"href":"https:\/\/i9.intersys.uy\/~decomuy\/wp-json\/wp\/v2\/media?parent=25725"}],"curies":[{"name":"wp","href":"https:\/\/api.w.org\/{rel}","templated":true}]}}